 (base 7) to base 13.
-49
5 (base 10) to base 12
5
Convert -61 (base 7) to base 12.
-37
Convert -3 (base 9) to base 13.
-3
2 (base 12) to base 4
2
Convert 1 (base 10) to base 11.
1
What is -21120 (base 3) in base 7?
-411
Convert -10 (base 3) to base 11.
-3
-100 (base 3) to base 7
-12
-11 (base 11) to base 7
-15
-315 (base 6) to base 5
-434
What is 5d (base 16) in base 2?
1011101
Convert 2 (base 7) to base 4.
2
Convert -200 (base 9) to base 4.
-2202
Convert 1133 (base 4) to base 13.
74
What is 34 (base 9) in base 10?
31
Convert 10223 (base 4) to base 12.
20b
Convert -13 (base 6) to base 4.
-21
Convert -a6 (base 12) to base 14.
-90
Convert -1110 (base 2) to base 4.
-32
What is 26 (base 13) in base 14?
24
-134 (base 8) to base 16
-5c
0 (base 5) to base 9
0
Convert -6 (base 12) to base 15.
-6
46 (base 9) to base 8
52
-44 (base 5) to base 14
-1a
Convert 14 (base 13) to base 16.
11
What is 1 (base 8) in base 3?
1
Convert -134 (base 12) to base 2.
-10111000
Convert -10130 (base 4) to base 12.
-1b8
What is d (base 14) in base 8?
15
4 (base 13) to base 4
10
Convert 6 (base 8) to base 10.
6
-6 (base 12) to base 8
-6
4 (base 16) to base 15
4
4 (base 7) to base 10
4
Convert -1 (base 14) to base 13.
-1
Convert 111 (base 7) to base 13.
45
-b (base 16) to base 10
-11
-3 (base 15) to base 4
-3
What is 1 (base 8) in base 16?
1
What is -8 (base 16) in base 4?
-20
Convert 4 (base 15) to base 6.
4
-31 (base 5) to base 3
-121
Convert 62 (base 9) to base 15.
3b
8 (base 16) to base 13
8
Convert 13 (base 5) to base 2.
1000
What is -59 (base 14) in base 5?
-304
What is 0 (base 3) in base 14?
0
-3 (base 8) to base 14
-3
-6 (base 12) to base 11
-6
What is -179 (base 10) in base 11?
-153
Convert 74 (base 12) to base 10.
88
-17 (base 12) to base 9
-21
Convert c (base 13) to base 12.
10
Convert 0 (base 4) to base 14.
0
What is 81 (base 10) in base 4?
1101
Convert 178 (base 11) to base 14.
10a
12 (base 7) to base 8
11
Convert 13 (base 14) to base 12.
15
What is 5d (base 14) in base 8?
123
Convert 45 (base 10) to base 11.
41
-75 (base 13) to base 8
-140
What is 2 (base 15) in base 11?
2
What is 2 (base 9) in base 11?
2
Convert 206 (base 7) to base 14.
76
What is 4 (base 9) in base 11?
4
Convert -19a (base 12) to base 10.
-262
What is 8 (base 16) in base 2?
1000
Convert -1 (base 5) to base 2.
-1
bc (base 15) to base 9
216
120 (base 4) to base 15
19
What is 1100 (base 2) in base 15?
c
What is -8 (base 9) in base 8?
-10
-4 (base 16) to base 14
-4
-1 (base 5) to base 11
-1
0 (base 13) to base 7
0
-1103 (base 5) to base 14
-ad
Convert 110 (base 2) to base 5.
11
70 (base 10) to base 15
4a
3220 (base 5) to base 8
663
What is -1001110 (base 2) in base 3?
-2220
What is 11 (base 5) in base 15?
6
Convert -2 (base 6) to base 3.
-2
-2 (base 15) to base 2
-10
3 (base 13) to base 7
3
36 (base 14) to base 3
1210
-3 (base 14) to base 3
-10
What is 1 (base 2) in base 13?
1
Convert 3 (base 13) to base 7.
3
Convert -4 (base 5) to base 2.
-100
What is 4 (base 12) in base 9?
4
Convert 6 (base 13) to base 5.
11
-7 (base 8) to base 6
-11
4 (base 6) to base 9
4
3 (base 16) to base 15
3
Convert -1a (base 13) to base 7.
-32
Convert 2 (base 10) to base 6.
2
Convert -2c (base 16) to base 9.
-48
What is -174 (base 10) in base 2?
-10101110
What is 254 (base 13) in base 11?
340
What is 31 (base 12) in base 16?
25
What is -1 (base 10) in base 12?
-1
Convert -22 (base 6) to base 9.
-15
-34 (base 15) to base 8
-61
-15 (base 10) to base 4
-33
0 (base 12) to base 6
0
What is -12 (base 3) in base 14?
-5
What is 3 (base 15) in base 9?
3
What is 6 (base 10) in base 12?
6
-a (base 15) to base 16
-a
-d2 (base 16) to base 4
-3102
-441 (base 6) to base 13
-100
What is -a8 (base 13) in base 16?
-8a
-151 (base 7) to base 4
-1111
What is 0 (base 13) in base 8?
0
Convert 8 (base 9) to base 7.
11
Convert 20 (base 4) to base 2.
1000
What is 10 (base 2) in base 4?
2
What is a (base 11) in base 14?
a
Convert 53 (base 15) to base 2.
1001110
-2 (base 13) to base 4
-2
16 (base 15) to base 16
15
What is 52 (base 6) in base 15?
22
Convert 31 (base 5) to base 8.
20
22202 (base 3) to base 9
282
Convert 20 (base 8) to base 6.
24
Convert -9 (base 15) to base 9.
-10
What is 11 (base 6) in base 3?
21
What is -9 (base 12) in base 9?
-10
55 (base 12) to base 13
50
What is -206 (base 12) in base 10?
-294
Convert -3b (base 16) to base 11.
-54
315 (base 6) to base 15
7e
-1 (base 8) to base 9
-1
Convert -22 (base 7) to base 10.
-16
Convert -4 (base 15) to base 2.
-100
What is 2003 (base 4) in base 9?
155
-7c (base 13) to base 3
-10211
Convert 45 (base 9) to base 4.
221
Convert -135 (base 6) to base 4.
-323
What is -1 (base 11) in base 15?
-1
Convert -22 (base 7) to base 2.
-10000
Convert 52 (base 9) to base 14.
35
What is -4 (base 6) in base 8?
-4
-110 (base 4) to base 7
-26
Convert 1210 (base 3) to base 9.
53
Convert 101110 (base 2) to base 4.
232
-48 (base 11) to base 8
-64
What is -126 (base 10) in base 3?
-11200
10 (base 2) to base 14
2
-2 (base 5) to base 8
-2
222 (base 7) to base 16
72
0 (base 3) to base 2
0
22 (base 14) to base 6
50
What is 554 (base 6) in base 4?
3112
Convert -54 (base 14) to base 5.
-244
-8b (base 16) to base 11
-117
-1 (base 14) to base 4
-1
Convert 17 (base 14) to base 3.
210
Convert -41 (base 10) to base 14.
-2d
Convert 24 (base 15) to base 2.
100010
What is -b (base 12) in base 3?
-102
-11 (base 13) to base 6
-22
Convert -2 (base 16) to base 3.
-2
Convert 32 (base 8) to base 9.
28
-2 (base 9) to base 2
-10
11 (base 9) to base 7
13
Convert -10 (base 8) to base 2.
-1000
-5 (base 15) to base 5
-10
9 (base 12) to base 10
9
2110 (base 3) to base 9
73
Convert 1022 (base 5) to base 3.
12002
b (base 13) to base 16
b
Convert a (base 11) to base 15.
a
-346 (base 7) to base 16
-b5
What is -8 (base 10) in base 5?
-13
Convert -11 (base 6) to base 13.
-7
Convert -12 (base 13) to base 14.
-11
Convert 112 (base 3) to base 7.
20
3 (base 6) to base 5
3
Convert -22 (base 7) to base 11.
-15
What is 0 (base 5) in base 11?
0
8c (base 13) to base 15
7b
101 (base 2) to base 14
5
121 (base 7) to base 4
1000
Convert 16 (base 7) to base 5.
23
What is -4b (base 14) in base 10?
-67
What is 7 (base 10) in base 5?
12
What is 134 (base 6) in base 12?
4a
What is -13 (base 4) in base 11?
-7
What is -114 (base 6) in base 15?
-31
Convert 2223 (base 4) to base 14.
c3
-110 (base 2) to base 12
-6
What is 1101 (base 2) in base 9?
14
1 (base 16) to base 3
1
1 (base 7) to base 6
1
Convert 8 (base 10) to base 14.
8
Convert 2 (base 11) to base 6.
2
Convert 6 (base 13) to base 9.
6
What is 1111011 (base 2) in base 12?
a3
-50 (base 7) to base 4
-203
Convert -5 (base 14) to base 8.
-5
What is 2 (base 8) in base 12?
2
Convert -5 (base 14) to base 13.
-5
Convert -1023 (base 4) to base 11.
-69
What is b (base 13) in base 8?
13
Convert 325 (base 6) to base 16.
7d
-1001 (base 2) to base 10
-9
Convert -22 (base 3) to base 8.
-10
What is 4 (base 11) in base 15?
4
Convert 56 (base 9) to base 6.
123
Convert -14 (base 8) to base 6.
-20
What is -4 (base 7) in base 3?
-11
Convert 11000 (base 2) to base 5.
44
What is -2 (base 10) in base 15?
-2
-10 (base 5) to base 15
-5
Convert 131 (base 6) to base 11.
50
What is 5 (base 10) in base 8?
5
6 (base 8) to base 7
6
What is -37 (base 14) in base 7?
-100
Convert -2001 (base 3) to base 2.
-110111
What is -4 (base 14) in base 9?
-4
Convert -8 (base 13) to base 2.
-1000
Convert 44 (base 11) to base 5.
143
Convert -221 (base 6) to base 12.
-71
11000 (base 2) to base 4
120
Convert -144 (base 10) to base 11.
-121
What is -15 (base 10) in base 5?
-30
Convert 10 (base 13) to base 9.
14
Convert -20 (base 4) to base 12.
-8
Convert 8 (base 15) to base 9.
8
What is -3 (base 6) in base 7?
-3
Convert 5 (base 6) to base 9.
5
What is 0 (base 10) in base 8?
0
Convert 4 (base 11) to base 2.
100
14 (base 11) to base 3
120
Convert -275 (base 10) to base 14.
-159
What is -14 (base 11) in base 3?
-120
What is 5 (base 11) in base 7?
5
30 (base 6) to base 13
15
-21 (base 7) to base 4
-33
What is 0 (base 9) in base 15?
0
Convert 11 (base 13) to base 6.
22
Convert -23 (base 4) to base 14.
-b
Convert -2 (base 10) to base 8.
-2
0 (base 7) to base 11
0
What is -110 (base 2) in base 14?
-6
What is 0 (base 13) in base 2?
0
What is 117 (base 9) in base 2